{"id":749,"date":"2024-05-10T23:22:14","date_gmt":"2024-05-10T23:22:14","guid":{"rendered":"https:\/\/4econsultores.com\/?page_id=749"},"modified":"2025-12-11T15:50:12","modified_gmt":"2025-12-11T18:50:12","slug":"servicios","status":"publish","type":"page","link":"https:\/\/4econsultores.com\/index.php\/servicios\/","title":{"rendered":"SERVICIOS"},"content":{"rendered":"\t\t<div data-elementor-type=\"wp-page\" data-elementor-id=\"749\" class=\"elementor elementor-749\">\n\t\t\t\t<div class=\"elementor-element elementor-element-8d0cabd e-flex e-con-boxed e-con e-parent\" data-id=\"8d0cabd\" data-element_type=\"container\" data-e-type=\"container\">\n\t\t\t\t\t<div class=\"e-con-inner\">\n\t\t\t\t<div class=\"elementor-element elementor-element-8d2d2df elementor-widget elementor-widget-heading\" data-id=\"8d2d2df\" data-element_type=\"widget\" data-e-type=\"widget\" data-widget_type=\"heading.default\">\n\t\t\t\t<div class=\"elementor-widget-container\">\n\t\t\t\t\t<h1 class=\"elementor-heading-title elementor-size-default\">Nuestras Soluciones Estrat\u00e9gicas<\/h1>\t\t\t\t<\/div>\n\t\t\t\t<\/div>\n\t\t\t\t\t<\/div>\n\t\t\t\t<\/div>\n\t\t<div class=\"elementor-element elementor-element-5c618ce e-con-full e-flex e-con e-parent\" data-id=\"5c618ce\" data-element_type=\"container\" data-e-type=\"container\" data-settings=\"{&quot;background_background&quot;:&quot;classic&quot;}\">\n\t\t<div class=\"elementor-element elementor-element-3bfca26 e-con-full e-flex e-con e-child\" data-id=\"3bfca26\" data-element_type=\"container\" data-e-type=\"container\">\n\t\t\t\t<div class=\"elementor-element elementor-element-8d73c13 elementor-widget elementor-widget-heading\" data-id=\"8d73c13\" data-element_type=\"widget\" data-e-type=\"widget\" data-widget_type=\"heading.default\">\n\t\t\t\t<div class=\"elementor-widget-container\">\n\t\t\t\t\t<h2 class=\"elementor-heading-title elementor-size-default\">Transforme la Visi\u00f3n en Estrategia Sostenible\nSi quieres planificar el futuro y lograr resultados medibles<\/h2>\t\t\t\t<\/div>\n\t\t\t\t<\/div>\n\t\t\t\t<div class=\"elementor-element elementor-element-2712355 elementor-widget-laptop__width-initial elementor-widget elementor-widget-text-editor\" data-id=\"2712355\" data-element_type=\"widget\" data-e-type=\"widget\" data-widget_type=\"text-editor.default\">\n\t\t\t\t<div class=\"elementor-widget-container\">\n\t\t\t\t\t\t\t\t\t<p data-path-to-node=\"8\">Trabajamos con los socios y l\u00edderes para dise\u00f1ar y definir objetivos y estrategias claras, as\u00ed como asegurar la ejecuci\u00f3n efectiva de los planes de acci\u00f3n. Aplicamos un proceso altamente estructurado basado en la metodolog\u00eda BSC (Balanced Scorecard), que permite cubrir los aspectos claves del negocio, garantizando de este modo planes sencillos y resultados medibles.<\/p>\n<h4 data-path-to-node=\"9\">Beneficios Clave del BSC:<\/h4>\n<ul data-path-to-node=\"12\">\n<li>\n<p data-path-to-node=\"10,0,0\">Foco y Alineaci\u00f3n: Facilita que los equipos directivos y gerenciales trabajen de forma coordinada.<\/p>\n<\/li>\n<li>\n<p data-path-to-node=\"10,1,0\">Ejecuci\u00f3n Sostenible: Permite planificar, ejecutar y monitorear el desempe\u00f1o organizacional.<\/p>\n<\/li>\n<li>\n<p data-path-to-node=\"10,2,0\">Optimizaci\u00f3n de Recursos: De esta manera, se priorizan las iniciativas importantes y se asignan los recursos de manera eficiente.<\/p><\/li>\n<\/ul>\t\t\t\t\t\t\t\t<\/div>\n\t\t\t\t<\/div>\n\t\t\t\t<div class=\"elementor-element elementor-element-3ab07c6 elementor-button-info elementor-widget elementor-widget-button\" data-id=\"3ab07c6\" data-element_type=\"widget\" data-e-type=\"widget\" data-widget_type=\"button.default\">\n\t\t\t\t<div class=\"elementor-widget-container\">\n\t\t\t\t\t\t\t\t\t<div class=\"elementor-button-wrapper\">\n\t\t\t\t\t<a class=\"elementor-button elementor-button-link elementor-size-sm\" href=\"https:\/\/4econsultores.com\/index.php\/contacto\/\">\n\t\t\t\t\t\t<span class=\"elementor-button-content-wrapper\">\n\t\t\t\t\t\t\t\t\t<span class=\"elementor-button-text\">CONOCER +<\/span>\n\t\t\t\t\t<\/span>\n\t\t\t\t\t<\/a>\n\t\t\t\t<\/div>\n\t\t\t\t\t\t\t\t<\/div>\n\t\t\t\t<\/div>\n\t\t\t\t<\/div>\n\t\t\t\t<div class=\"elementor-element elementor-element-2edadd1 elementor-widget-widescreen__width-initial elementor-widget elementor-widget-image\" data-id=\"2edadd1\" data-element_type=\"widget\" data-e-type=\"widget\" data-widget_type=\"image.default\">\n\t\t\t\t<div class=\"elementor-widget-container\">\n\t\t\t\t\t\t\t\t\t\t\t\t\t\t\t<img fetchpriority=\"high\" decoding=\"async\" width=\"795\" height=\"537\" src=\"https:\/\/4econsultores.com\/wp-content\/uploads\/2024\/05\/RECURSO-1-1-SERVICIOS.png\" class=\"attachment-full size-full wp-image-752\" alt=\"\" srcset=\"https:\/\/4econsultores.com\/wp-content\/uploads\/2024\/05\/RECURSO-1-1-SERVICIOS.png 795w, https:\/\/4econsultores.com\/wp-content\/uploads\/2024\/05\/RECURSO-1-1-SERVICIOS-300x203.png 300w, https:\/\/4econsultores.com\/wp-content\/uploads\/2024\/05\/RECURSO-1-1-SERVICIOS-768x519.png 768w\" sizes=\"(max-width: 795px) 100vw, 795px\" \/>\t\t\t\t\t\t\t\t\t\t\t\t\t\t\t<\/div>\n\t\t\t\t<\/div>\n\t\t\t\t<\/div>\n\t\t<div class=\"elementor-element elementor-element-c47e8f3 e-con-full e-flex e-con e-parent\" data-id=\"c47e8f3\" data-element_type=\"container\" data-e-type=\"container\">\n\t\t\t\t<div class=\"elementor-element elementor-element-e8d86e2 elementor-widget elementor-widget-image\" data-id=\"e8d86e2\" data-element_type=\"widget\" data-e-type=\"widget\" data-widget_type=\"image.default\">\n\t\t\t\t<div class=\"elementor-widget-container\">\n\t\t\t\t\t\t\t\t\t\t\t\t\t\t\t<img decoding=\"async\" width=\"150\" height=\"150\" src=\"https:\/\/4econsultores.com\/wp-content\/uploads\/2024\/05\/RECURSO-1-HOME-150x150.png\" class=\"attachment-thumbnail size-thumbnail wp-image-360\" alt=\"\" srcset=\"https:\/\/4econsultores.com\/wp-content\/uploads\/2024\/05\/RECURSO-1-HOME-150x150.png 150w, https:\/\/4econsultores.com\/wp-content\/uploads\/2024\/05\/RECURSO-1-HOME-300x300.png 300w, https:\/\/4econsultores.com\/wp-content\/uploads\/2024\/05\/RECURSO-1-HOME.png 554w\" sizes=\"(max-width: 150px) 100vw, 150px\" \/>\t\t\t\t\t\t\t\t\t\t\t\t\t\t\t<\/div>\n\t\t\t\t<\/div>\n\t\t\t\t<\/div>\n\t\t<div class=\"elementor-element elementor-element-369b08c e-con-full e-flex e-con e-parent\" data-id=\"369b08c\" data-element_type=\"container\" data-e-type=\"container\" data-settings=\"{&quot;background_background&quot;:&quot;classic&quot;}\">\n\t\t\t\t<div class=\"elementor-element elementor-element-b6fa879 elementor-widget-laptop__width-initial elementor-widget-tablet__width-initial elementor-widget elementor-widget-image\" data-id=\"b6fa879\" data-element_type=\"widget\" data-e-type=\"widget\" data-widget_type=\"image.default\">\n\t\t\t\t<div class=\"elementor-widget-container\">\n\t\t\t\t\t\t\t\t\t\t\t\t\t\t\t<img decoding=\"async\" width=\"542\" height=\"542\" src=\"https:\/\/4econsultores.com\/wp-content\/uploads\/2024\/05\/RECURSO-2-SERVICIOS.png\" class=\"attachment-full size-full wp-image-785\" alt=\"\" srcset=\"https:\/\/4econsultores.com\/wp-content\/uploads\/2024\/05\/RECURSO-2-SERVICIOS.png 542w, https:\/\/4econsultores.com\/wp-content\/uploads\/2024\/05\/RECURSO-2-SERVICIOS-300x300.png 300w, https:\/\/4econsultores.com\/wp-content\/uploads\/2024\/05\/RECURSO-2-SERVICIOS-150x150.png 150w\" sizes=\"(max-width: 542px) 100vw, 542px\" \/>\t\t\t\t\t\t\t\t\t\t\t\t\t\t\t<\/div>\n\t\t\t\t<\/div>\n\t\t<div class=\"elementor-element elementor-element-d42c8c4 e-con-full e-flex e-con e-child\" data-id=\"d42c8c4\" data-element_type=\"container\" data-e-type=\"container\">\n\t\t\t\t<div class=\"elementor-element elementor-element-71c5592 elementor-widget elementor-widget-heading\" data-id=\"71c5592\" data-element_type=\"widget\" data-e-type=\"widget\" data-widget_type=\"heading.default\">\n\t\t\t\t<div class=\"elementor-widget-container\">\n\t\t\t\t\t<h2 class=\"elementor-heading-title elementor-size-default\">Acelere la Ejecuci\u00f3n con OKR y Foco Compartido si quieres desarrollar planes para cumplir los objetivos y obtener resultados<\/h2>\t\t\t\t<\/div>\n\t\t\t\t<\/div>\n\t\t\t\t<div class=\"elementor-element elementor-element-b4b2822 elementor-widget-laptop__width-initial elementor-widget elementor-widget-text-editor\" data-id=\"b4b2822\" data-element_type=\"widget\" data-e-type=\"widget\" data-widget_type=\"text-editor.default\">\n\t\t\t\t<div class=\"elementor-widget-container\">\n\t\t\t\t\t\t\t\t\t<p data-path-to-node=\"16\">Trabajamos con los l\u00edderes y sus equipos, <b>ense\u00f1ando y aplicando<\/b> metodolog\u00edas <b>\u00e1giles<\/b> que permiten <b>lograr resultados<\/b> a trav\u00e9s de una gesti\u00f3n <b>ordenada y eficiente<\/b>. Aplicamos la metodolog\u00eda <b>OKR (Objetivos y Resultados Claves)<\/b>, que <b>asegura<\/b> resultados <b>r\u00e1pidos<\/b> mediante la <b>alineaci\u00f3n total<\/b> de la organizaci\u00f3n, el <b>foco<\/b> en lo realmente importante, un plan flexible ante cambios del contexto y un sistema de medici\u00f3n <b>efectivo<\/b>.<\/p>\n<h4 data-path-to-node=\"17\">Beneficios de Implementar OKR:<\/h4>\n<ul data-path-to-node=\"20\">\n<li>\n<p data-path-to-node=\"18,0,0\"><b>Aceleraci\u00f3n de la Ejecuci\u00f3n:<\/b> <b>Impulsa<\/b> un desarrollo incremental hacia la visi\u00f3n de largo plazo.<\/p>\n<\/li>\n<li>\n<p data-path-to-node=\"18,1,0\"><b>Conexi\u00f3n y Compromiso:<\/b> <b>Permite<\/b> enfocarse en lo que realmente importa, conectando a los equipos con el negocio y el cliente.<\/p>\n<\/li>\n<li>\n<p data-path-to-node=\"18,2,0\"><b>Claridad y Medici\u00f3n:<\/b> Transforma la estrategia en acci\u00f3n medible y visible.<\/p><\/li>\n<\/ul>\t\t\t\t\t\t\t\t<\/div>\n\t\t\t\t<\/div>\n\t\t\t\t<div class=\"elementor-element elementor-element-cebe241 elementor-button-info elementor-widget elementor-widget-button\" data-id=\"cebe241\" data-element_type=\"widget\" data-e-type=\"widget\" data-widget_type=\"button.default\">\n\t\t\t\t<div class=\"elementor-widget-container\">\n\t\t\t\t\t\t\t\t\t<div class=\"elementor-button-wrapper\">\n\t\t\t\t\t<a class=\"elementor-button elementor-button-link elementor-size-sm\" href=\"https:\/\/4econsultores.com\/index.php\/contacto\/\">\n\t\t\t\t\t\t<span class=\"elementor-button-content-wrapper\">\n\t\t\t\t\t\t\t\t\t<span class=\"elementor-button-text\">CONOCER +<\/span>\n\t\t\t\t\t<\/span>\n\t\t\t\t\t<\/a>\n\t\t\t\t<\/div>\n\t\t\t\t\t\t\t\t<\/div>\n\t\t\t\t<\/div>\n\t\t\t\t<\/div>\n\t\t\t\t<\/div>\n\t\t<div class=\"elementor-element elementor-element-45d0403 e-con-full e-flex e-con e-parent\" data-id=\"45d0403\" data-element_type=\"container\" data-e-type=\"container\" data-settings=\"{&quot;background_background&quot;:&quot;classic&quot;}\">\n\t\t<div class=\"elementor-element elementor-element-da3e489 e-con-full e-flex e-con e-child\" data-id=\"da3e489\" data-element_type=\"container\" data-e-type=\"container\">\n\t\t\t\t<div class=\"elementor-element elementor-element-0ca7a72 elementor-widget elementor-widget-heading\" data-id=\"0ca7a72\" data-element_type=\"widget\" data-e-type=\"widget\" data-widget_type=\"heading.default\">\n\t\t\t\t<div class=\"elementor-widget-container\">\n\t\t\t\t\t<h2 class=\"elementor-heading-title elementor-size-default\">Gesti\u00f3n del Cambio: Asegure la Adopci\u00f3n y el ROI\nSi quieres que los cambios se implementen con \u00e9xito y se sostengan<\/h2>\t\t\t\t<\/div>\n\t\t\t\t<\/div>\n\t\t\t\t<div class=\"elementor-element elementor-element-0ab69bb elementor-widget-laptop__width-initial elementor-widget elementor-widget-text-editor\" data-id=\"0ab69bb\" data-element_type=\"widget\" data-e-type=\"widget\" data-widget_type=\"text-editor.default\">\n\t\t\t\t<div class=\"elementor-widget-container\">\n\t\t\t\t\t\t\t\t\t<p data-path-to-node=\"24\">Trabajamos con los l\u00edderes y colaboradores claves, <b>brind\u00e1ndoles<\/b> herramientas <b>probadas<\/b> como <b>PROSCI\u00a9<\/b> para que las personas <b>entiendan los beneficios<\/b> del desaf\u00edo y trabajen en su implementaci\u00f3n. Aplicamos la metodolog\u00eda de <b>Gesti\u00f3n del Cambio<\/b>, que es un enfoque <b>estructurado<\/b> que <b>prepara y apoya<\/b> a las personas para adoptar los cambios <b>con \u00e9xito<\/b> y <b>lograr el m\u00e1ximo resultado (ROI)<\/b>.<\/p>\n<h4 data-path-to-node=\"25\">Beneficios Clave del Change Management:<\/h4>\n<ul data-path-to-node=\"28\">\n<li>\n<p data-path-to-node=\"26,0,0\"><b>ROI Acelerado:<\/b> <b>Acorta<\/b> la curva de aprendizaje y acelera la adopci\u00f3n del cambio.<\/p>\n<\/li>\n<li>\n<p data-path-to-node=\"26,1,0\"><b>Mitigaci\u00f3n de Resistencia:<\/b> Brindamos herramientas para asegurar la aceptaci\u00f3n por parte de las personas.<\/p>\n<\/li>\n<li>\n<p data-path-to-node=\"26,2,0\"><b>Capacidad Organizacional:<\/b> La gesti\u00f3n del cambio se convierte en una <b>capacidad clave<\/b> para sostener la mejora continua.<\/p><\/li>\n<\/ul>\t\t\t\t\t\t\t\t<\/div>\n\t\t\t\t<\/div>\n\t\t\t\t<div class=\"elementor-element elementor-element-68e6b6d elementor-button-info elementor-mobile-align-left elementor-widget elementor-widget-button\" data-id=\"68e6b6d\" data-element_type=\"widget\" data-e-type=\"widget\" data-widget_type=\"button.default\">\n\t\t\t\t<div class=\"elementor-widget-container\">\n\t\t\t\t\t\t\t\t\t<div class=\"elementor-button-wrapper\">\n\t\t\t\t\t<a class=\"elementor-button elementor-button-link elementor-size-sm\" href=\"https:\/\/4econsultores.com\/index.php\/contacto\/\">\n\t\t\t\t\t\t<span class=\"elementor-button-content-wrapper\">\n\t\t\t\t\t\t\t\t\t<span class=\"elementor-button-text\">CONOCER +<\/span>\n\t\t\t\t\t<\/span>\n\t\t\t\t\t<\/a>\n\t\t\t\t<\/div>\n\t\t\t\t\t\t\t\t<\/div>\n\t\t\t\t<\/div>\n\t\t\t\t<\/div>\n\t\t\t\t<div class=\"elementor-element elementor-element-d096c96 elementor-widget elementor-widget-image\" data-id=\"d096c96\" data-element_type=\"widget\" data-e-type=\"widget\" data-widget_type=\"image.default\">\n\t\t\t\t<div class=\"elementor-widget-container\">\n\t\t\t\t\t\t\t\t\t\t\t\t\t\t\t<img loading=\"lazy\" decoding=\"async\" width=\"741\" height=\"879\" src=\"https:\/\/4econsultores.com\/wp-content\/uploads\/2024\/05\/RECURSO-3-SERVICIOS.png\" class=\"attachment-full size-full wp-image-811\" alt=\"\" srcset=\"https:\/\/4econsultores.com\/wp-content\/uploads\/2024\/05\/RECURSO-3-SERVICIOS.png 741w, https:\/\/4econsultores.com\/wp-content\/uploads\/2024\/05\/RECURSO-3-SERVICIOS-253x300.png 253w\" sizes=\"(max-width: 741px) 100vw, 741px\" \/>\t\t\t\t\t\t\t\t\t\t\t\t\t\t\t<\/div>\n\t\t\t\t<\/div>\n\t\t\t\t<\/div>\n\t\t<div class=\"elementor-element elementor-element-426a761 e-con-full e-flex e-con e-parent\" data-id=\"426a761\" data-element_type=\"container\" data-e-type=\"container\">\n\t\t\t\t<div class=\"elementor-element elementor-element-50b5b82 elementor-widget elementor-widget-heading\" data-id=\"50b5b82\" data-element_type=\"widget\" data-e-type=\"widget\" data-widget_type=\"heading.default\">\n\t\t\t\t<div class=\"elementor-widget-container\">\n\t\t\t\t\t<h2 class=\"elementor-heading-title elementor-size-default\">Nuestro Valor Diferencial: Experiencia que Genera Resultados<\/h2>\t\t\t\t<\/div>\n\t\t\t\t<\/div>\n\t\t<div class=\"elementor-element elementor-element-23330ae e-grid e-con-boxed e-con e-child\" data-id=\"23330ae\" data-element_type=\"container\" data-e-type=\"container\" data-settings=\"{&quot;background_background&quot;:&quot;classic&quot;}\">\n\t\t\t\t\t<div class=\"e-con-inner\">\n\t\t\t\t<div class=\"elementor-element elementor-element-9166cb9 elementor-widget elementor-widget-text-editor\" data-id=\"9166cb9\" data-element_type=\"widget\" data-e-type=\"widget\" data-widget_type=\"text-editor.default\">\n\t\t\t\t<div class=\"elementor-widget-container\">\n\t\t\t\t\t\t\t\t\t<p><b>Experiencia Directiva Comprobada:<\/b> Nuestros consultores son certificados y cuentan con experiencia laboral previa en multinacionales y posiciones directivas. <b>Por consiguiente,<\/b> ofrecemos una visi\u00f3n 360\u00b0 del negocio, no solo la teor\u00eda.<\/p>\t\t\t\t\t\t\t\t<\/div>\n\t\t\t\t<\/div>\n\t\t\t\t<div class=\"elementor-element elementor-element-f6477c2 elementor-widget elementor-widget-text-editor\" data-id=\"f6477c2\" data-element_type=\"widget\" data-e-type=\"widget\" data-widget_type=\"text-editor.default\">\n\t\t\t\t<div class=\"elementor-widget-container\">\n\t\t\t\t\t\t\t\t\t<p><b>Metodolog\u00eda Adaptada:<\/b> Aplicamos metodolog\u00edas l\u00edderes (PROSCI\u00a9, BSC, OKR) que son adaptadas espec\u00edficamente a la madurez y al contexto de su organizaci\u00f3n. <b>Esto asegura<\/b> soluciones pr\u00e1cticas y eficientes que funcionan en el entorno real.<\/p>\t\t\t\t\t\t\t\t<\/div>\n\t\t\t\t<\/div>\n\t\t\t\t\t<\/div>\n\t\t\t\t<\/div>\n\t\t\t\t<\/div>\n\t\t<div class=\"elementor-element elementor-element-21a1565 e-con-full e-flex e-con e-parent\" data-id=\"21a1565\" data-element_type=\"container\" data-e-type=\"container\">\n\t\t\t\t<div class=\"elementor-element elementor-element-a1b41c3 elementor-widget elementor-widget-image\" data-id=\"a1b41c3\" data-element_type=\"widget\" data-e-type=\"widget\" data-widget_type=\"image.default\">\n\t\t\t\t<div class=\"elementor-widget-container\">\n\t\t\t\t\t\t\t\t\t\t\t\t\t\t\t<img loading=\"lazy\" decoding=\"async\" width=\"300\" height=\"300\" src=\"https:\/\/4econsultores.com\/wp-content\/uploads\/2024\/05\/RECURSO-1-HOME-300x300.png\" class=\"attachment-medium size-medium wp-image-360\" alt=\"\" srcset=\"https:\/\/4econsultores.com\/wp-content\/uploads\/2024\/05\/RECURSO-1-HOME-300x300.png 300w, https:\/\/4econsultores.com\/wp-content\/uploads\/2024\/05\/RECURSO-1-HOME-150x150.png 150w, https:\/\/4econsultores.com\/wp-content\/uploads\/2024\/05\/RECURSO-1-HOME.png 554w\" sizes=\"(max-width: 300px) 100vw, 300px\" \/>\t\t\t\t\t\t\t\t\t\t\t\t\t\t\t<\/div>\n\t\t\t\t<\/div>\n\t\t\t\t<\/div>\n\t\t\t\t<\/div>\n\t\t","protected":false},"excerpt":{"rendered":"<p>Nuestras Soluciones Estrat\u00e9gicas Transforme la Visi\u00f3n en Estrategia Sostenible Si quieres planificar el futuro y lograr resultados medibles <p data-path-to-node=\"8\">Trabajamos con los socios y l&iacute;deres para dise&ntilde;ar y definir objetivos y estrategias claras, as&iacute; como asegurar la ejecuci&oacute;n efectiva de los planes de acci&oacute;n. Aplicamos un proceso altamente estructurado basado en la metodolog&iacute;a BSC (Balanced [&hellip;]<\/p>","protected":false},"author":1,"featured_media":0,"parent":0,"menu_order":0,"comment_status":"closed","ping_status":"closed","template":"","meta":{"footnotes":""},"class_list":["post-749","page","type-page","status-publish","hentry"],"aioseo_notices":[],"_links":{"self":[{"href":"https:\/\/4econsultores.com\/index.php\/wp-json\/wp\/v2\/pages\/749","targetHints":{"allow":["GET"]}}],"collection":[{"href":"https:\/\/4econsultores.com\/index.php\/wp-json\/wp\/v2\/pages"}],"about":[{"href":"https:\/\/4econsultores.com\/index.php\/wp-json\/wp\/v2\/types\/page"}],"author":[{"embeddable":true,"href":"https:\/\/4econsultores.com\/index.php\/wp-json\/wp\/v2\/users\/1"}],"replies":[{"embeddable":true,"href":"https:\/\/4econsultores.com\/index.php\/wp-json\/wp\/v2\/comments?post=749"}],"version-history":[{"count":150,"href":"https:\/\/4econsultores.com\/index.php\/wp-json\/wp\/v2\/pages\/749\/revisions"}],"predecessor-version":[{"id":2479,"href":"https:\/\/4econsultores.com\/index.php\/wp-json\/wp\/v2\/pages\/749\/revisions\/2479"}],"wp:attachment":[{"href":"https:\/\/4econsultores.com\/index.php\/wp-json\/wp\/v2\/media?parent=749"}],"curies":[{"name":"wp","href":"https:\/\/api.w.org\/{rel}","templated":true}]}}